v - 1 = -21. Suppose -3*l = -0*l - 3*a - 816, d*l + 2*a - 1070 = 0. Is l a prime number?
True
Let p = 4565 - -11292. Is p composite?
True
Suppose 81*s - 2459499 - 947523 = 0. Is s a prime number?
False
Let p(w) be the third derivative of -35*w**4/8 - 11*w**3/6 - 6*w**2 + 12. Is p(-1) a composite number?
True
Let z = 99545 - -8798. Is z composite?
False
Suppose m - 7*l - 197852 = 0, m = 150*l - 155*l + 197912. Is m a composite number?
False
Suppose -7*f + 36 = 99. Let b be 3*6/f + 561 + 2. Suppose 0 = -3*m + b + 1332. Is m prime?
True
Let m(s) = -3*s**3 + 17*s**2 + 16*s - 39. Let j(k) = -k**3 - k - 1. Let p(b) = -2*j(b) + m(b). Is p(10) a composite number?
True
Suppose 0 = -o + 2 + 1. Suppose 6*b = 4*b + 2*d + 2552, -b - o*d + 1272 = 0. Let c = b + 10. Is c composite?
True
Let p(d) = 333*d**2 - 51*d - 47. Is p(13) composite?
True
Let f(x) = 18*x**3 + 4*x**2 - 21*x - 1. Let t(l) = 17*l**3 + 3*l**2 - 21*l - 1. Let q(s) = 6*f(s) - 7*t(s). Is q(-3) prime?
False
Let b = 23093 - 14946. Is b a composite number?
False
Suppose -2*q + 227009 = 3*d, 0 = 5*d - q - 273156 - 105175. Is d composite?
True
Let r = -26 + 30. Suppose r*s + 1320 = 2*b, -3*b = -s - 0*b - 320. Is ((-6)/(-12))/((-2)/s) a prime number?
True
Let x = 66167 - -86892. Is x a composite number?
False
Let v be 2 + 13/(13/4). Is (6117/(-9))/(-2*v/36) a composite number?
False
Let p = -20 - -30. Suppose y + 1352 = 11*o - p*o, -4066 = -3*o + 5*y. Is (2 - 4) + 6 + o a prime number?
False
Let k be 248 + 6*3/(-6). Suppose k - 1875 = -5*q. Let j = q - 63. Is j prime?
True
Suppose 37*h - 38*h - 78559 = -2*t, 2*t - 78556 = 2*h. Is t a composite number?
True
Suppose 4*y = 4*k + k - 9, -4*y - 5*k = -41. Let n be 54/10 + 2/(-5). Suppose 0 = o + o - n*c - 758, c = y*o - 1552. Is o composite?
False
Suppose -4 = r, w = -4*r - 2751 + 10908. Is w a composite number?
True
Is ((-5)/(-5) + 1200)/(29/4031) a prime number?
False
Suppose 5*n = -2*w + 42501, 5*w = -404*n + 402*n + 16992. Is n prime?
True
Let p = 80784 + -40279. Suppose -25568 - p = -7*v. Is v a composite number?
False
Let s(j) = -j**3 - 9*j**2 + 2. Suppose 5*b - 9 = 11, 2*k + 2*b + 10 = 0. Let t be s(k). Is (5 - -74)*(t + (-2)/2) prime?
True
Suppose -2*p + 2 = -4, 0 = 5*h + 4*p + 58. Let n be 1 + -1 + 1190/h. Let r = n - -831. Is r a composite number?
True
Suppose -5*p = -3*o - 10, 2*o = -3*o. Let b(i) = 14*i**3 - i**2 - 2*i + 5. Is b(p) a composite number?
False
Let r be (12/15)/(8/20). Let b be 16/12 + ((-16)/(-6) - r). Suppose -w - 18117 = b*s - 6*s, -2*w - 2 = 0. Is s a prime number?
False
Let f = -126 + 128. Suppose -f*l - 976 = 3*o - 7685, 4*l = -4*o + 13424. Is l a prime number?
True
Suppose -5*y + 53 + 157 = 0. Let b = 44 - y. Suppose 2*g - 2452 = -b*g. Is g composite?
False
Suppose 91480 + 9330 = 9*h - 3689. Is h a composite number?
True
Let n(o) = 5*o + 18. Let d(v) = -4*v - 17. Let z(a) = -4*d(a) - 3*n(a). Let j be z(-10). Suppose -j*t + 337 + 371 = 0. Is t a prime number?
False
Let l be ((4/(-3))/2)/((-1)/6). Suppose 5*z - 16023 = -0*j + 2*j, -l*j - 3219 = -z. Is z a composite number?
False
Suppose 5*u - 15 = -5*c, 2*u + 8*c - 6 = 10*c. Suppose 0 = 5*a - u*z - 6831 - 40510, 2*z = -4*a + 37864. Is a a composite number?
False
Let a(h) = -h**3 + 35*h**2 + 60*h - 379. Is a(33) composite?
False
Let q be (-1 - 2)*(-2 + (-32)/12). Is -1090*q/(-7) - 1 composite?
False
Let t(b) = -b**2 - 2*b + 86. Let g be t(0). Suppose -2*o - 2*n = -0*o - 42, 0 = 4*o + 5*n - g. Let a(y) = 3*y**2 + 63*y - 17. Is a(o) composite?
True
Suppose -3*g + 17 = 2. Suppose -2*x = -s - g*x, 2*x + 2 = 0. Suppose 0 = -w + s*w - 502. Is w a prime number?
True
Let f(a) = 12*a**2 + 33*a + 127. Is f(-24) prime?
True
Suppose 378*g - 167204 + 273287 - 2033505 = 0. Is g prime?
True
Let a(i) = 2*i**3 + 17*i**2 - 51*i - 101. Is a(18) a prime number?
False
Suppose 4*f = -114 - 218. Let m = 418 + f. Suppose 7*d - 2*d - m = 0. Is d a composite number?
False
Suppose 6*x - 114617 = -4547. Suppose x = 23*d - 39914. Is d a composite number?
True
Let s = 320485 - 69522. Is s prime?
True
Let h(l) = 11640*l**2 - 37*l - 75. Is h(-2) a composite number?
False
Let i = -1299 - -641. Let r = 1921 - i. Is r a prime number?
True
Let o(z) = 2*z**3 - 182*z**2 + 261*z + 122. Is o(93) prime?
True
Let a(l) be the second derivative of -415*l**3/6 + 8*l**2 + 23*l. Let s be a(8). Is (-2)/8 - s/32 a composite number?
False
Let i = 106199 - -208316. Is i a prime number?
False
Let n be (-795771)/108*(-22 - 2). Suppose 0 = -2*l + 8*l - n. Is l a composite number?
False
Is 15 + (-152)/10 - 22684155/(-25) composite?
True
Suppose 5*z + 0*z - 8450 = 0. Suppose 16070 - z = 4*c. Is c a composite number?
True
Let j = 514 - 512. Suppose -5*a = 2*r - 336 - 269, -3*a = j*r - 599. Is r a composite number?
True
Suppose -3*d - 5 + 62 = 0. Suppose -40622 = -d*f + 11457. Is f prime?
True
Let w = 1280880 - 741323. Is w a composite number?
True
Let z(m) = -31*m**3 - 5*m**2 + 17. Let p(q) = -6*q**2 - 641 + 2*q + 643 + 2*q**2. Let l be p(-1). Is z(l) a prime number?
False
Let h(i) = -68*i - 7. Let v(a) = -21*a + 1. Let u(z) = h(z) + 4*v(z). Suppose 0 = 4*t + 2*x + 74, -t - 2*x - 12 = 2. Is u(t) composite?
False
Let p(k) = -k**3 + 10*k**2 + 3*k - 24. Let r be p(10). Suppose 15*h - r = 9*h. Is 1 - -338*4*(1 + h) composite?
True
Suppose 2*g = -4*f + 11370, -4*g - 3*f + 1783 = -20932. Suppose 6*u - 8*u = -2, 3*u = -4*w + g. Is w a composite number?
True
Let y be (-4)/(-16) + (220/16)/5. Suppose 2*i + 6570 = 3*l, -y*l + 6104 = 2*i - 478. Is l/6 - (2 - 15/9) a composite number?
True
Let q = -166847 - -390570. Is q composite?
True
Let n = 46064 + -26229. Is n prime?
False
Let q(m) = 4672*m**2 - 74*m + 359. Is q(5) composite?
False
Let u be ((-24)/(-16)*(-14610)/(-9))/1. Suppose -w - u = -m - 343, -5*w = -15. Is m prime?
False
Let u(l) = -l**3 - 11*l**2 - 2*l - 27. Let z be u(-11). Let n(h) = 3*h**3 + 3*h**2 - 3*h - 7. Let m be n(z). Let k = 455 + m. Is k a prime number?
True
Suppose -26*i = -24*i + f - 119372, -238714 = -4*i - 7*f. Is i a composite number?
True
Let s(f) = -80982*f**3 + 312*f**2 + 5*f + 5. Is s(-2) composite?
True
Let x(i) = 635*i**2 + 3*i - 1. Let w(f) = -636*f**2 - 4*f + 1. Let p(z) = 5*w(z) + 6*x(z). Suppose 0 = 5*g - 25, 5*t - 2*t = 2*g - 13. Is p(t) a prime number?
True
Let u(j) = 155*j**2 - 57*j + 197. Is u(-30) composite?
True
Let w = 1430 + -1355. Suppose -2*r + 6*r = 5684. Suppose 8*q - r - w = 0. Is q prime?
False
Is ((-24)/(-6))/(144/6814980) a composite number?
True
Suppose -4*n + 6 = -4*s - 30, 5*n = -4*s + 45. Suppose n = -y + 2*q, -4*q = 14 - 34. Suppose -z = -y, 3*z - 652 = -3*h + 9014. Is h composite?
False
Let v(p) = 237*p**2 + 133*p - 5. Is v(7) a prime number?
True
Suppose -g - 545241 = -5*l - 0*g, g = 4. Is l a composite number?
False
Let h(w) be the third derivative of 797*w**4/8 + w**3/6 + 2*w**2 + 14. Is h(2) a composite number?
False
Suppose 2*i - 7 = 3. Let o(a) = 4*a**2 - 5*a - 10. Let v be o(i). Suppose 0 = -j + 129 + v. Is j prime?
False
Let g = 487 + -484. Suppose g*t - 1485 = 1092. Is t a composite number?
False
Is (-3 - -4)*(3 + -123*(-1360)/30) composite?
True
Suppose -11*y - 125 = -1830. Suppose -n + 100 = -5*w - y, -w - 60 = -2*n. Is (718/(-10))/(10/w) a prime number?
True
Suppose -2*c + 0*l + 6 = 2*l, c + 5*l - 23 = 0. Let i be (-29104)/(-12) + (-11)/264*8. Is i + 2 - 0 - c a composite number?
True
Let b be (-1)/3*(4 + -82). Suppose -b*z - 39172 = -30*z. Is z a prime number?
False
Let u = -85936 + 179331. Is u prime?
False
Let k be 2*35/14 + 0/(-1). Suppose -k*x + 13727 = -2*o, 3*x - 5923 - 2334 = -4*o. Is x a composite number?
True
Let q be 3*8/(-12)*6/(-2). Suppose -q*m - 80075 = -11*m. Is m a prime number?
False
Suppose 2*j + 488 + 44 = 0. Let h(d) = 24*d**2 + 8*d - 1. Let n be h(-5). Let v = n + j. Is v a composite number?
False
Suppose -1 = -2*r - 4*i - 53, -4*i = -2*r - 76. Is 24/r - (-25199)/4 composite?
False
Suppose -735 = 5*k - 760. Suppose k*n = 17*n - 190812. Is n prime?
True
Suppose -3*o + 0*k = -4*k - 277950, -4*k = -5*o + 463258. Is o a prime number?
False
Let z = 366 - 366. Suppose z = -5*y - 19 - 6, -3*q = -y - 18098. Is q a composite number?
True
Let z = 151852 + 62751. Is z a composite number?
False
Let c be (-2620)/40 + (-1)/2. Let g = -75 - c. Is g/(-36) - (-80